ime factors of 2985?
3, 5, 199
What are the prime factors of 60964?
2, 15241
What are the prime factors of 2654?
2, 1327
What are the prime factors of 1026?
2, 3, 19
List the prime factors of 122503.
122503
List the prime factors of 1293.
3, 431
What are the prime factors of 35273?
7, 5039
List the prime factors of 937.
937
List the prime factors of 7295.
5, 1459
List the prime factors of 626.
2, 313
What are the prime factors of 1410?
2, 3, 5, 47
List the prime factors of 35400.
2, 3, 5, 59
List the prime factors of 11197.
11197
List the prime factors of 2417.
2417
What are the prime factors of 70719?
3, 11, 2143
What are the prime factors of 19821?
3, 6607
What are the prime factors of 19?
19
What are the prime factors of 4088?
2, 7, 73
What are the prime factors of 28200?
2, 3, 5, 47
List the prime factors of 1950.
2, 3, 5, 13
List the prime factors of 1338.
2, 3, 223
List the prime factors of 3640.
2, 5, 7, 13
List the prime factors of 97360.
2, 5, 1217
List the prime factors of 1759.
1759
What are the prime factors of 27688?
2, 3461
What are the prime factors of 712?
2, 89
List the prime factors of 17638.
2, 8819
List the prime factors of 7775.
5, 311
What are the prime factors of 44918?
2, 37, 607
List the prime factors of 1565.
5, 313
What are the prime factors of 62789?
37, 1697
What are the prime factors of 19011?
3, 6337
List the prime factors of 100629.
3, 3727
What are the prime factors of 66721?
66721
What are the prime factors of 1269?
3, 47
What are the prime factors of 450?
2, 3, 5
List the prime factors of 109573.
19, 73, 79
What are the prime factors of 1221?
3, 11, 37
What are the prime factors of 19009?
19009
What are the prime factors of 117022?
2, 58511
List the prime factors of 1389.
3, 463
What are the prime factors of 4824?
2, 3, 67
List the prime factors of 102315.
3, 5, 19, 359
List the prime factors of 631.
631
List the prime factors of 8254.
2, 4127
List the prime factors of 2067.
3, 13, 53
What are the prime factors of 989?
23, 43
What are the prime factors of 4276?
2, 1069
What are the prime factors of 283?
283
What are the prime factors of 5156?
2, 1289
List the prime factors of 122157.
3, 7, 277
List the prime factors of 187.
11, 17
What are the prime factors of 20594?
2, 7, 1471
List the prime factors of 40578.
2, 3, 6763
What are the prime factors of 25748?
2, 41, 157
List the prime factors of 1010.
2, 5, 101
List the prime factors of 138.
2, 3, 23
List the prime factors of 31505.
5, 6301
List the prime factors of 1492.
2, 373
What are the prime factors of 777?
3, 7, 37
What are the prime factors of 21643?
23, 941
What are the prime factors of 2385?
3, 5, 53
What are the prime factors of 319?
11, 29
List the prime factors of 631.
631
What are the prime factors of 31416?
2, 3, 7, 11, 17
List the prime factors of 30981.
3, 23, 449
What are the prime factors of 90364?
2, 19, 29, 41
What are the prime factors of 1235?
5, 13, 19
List the prime factors of 9189.
3, 1021
List the prime factors of 48308.
2, 13, 929
List the prime factors of 295.
5, 59
What are the prime factors of 5965?
5, 1193
List the prime factors of 855.
3, 5, 19
List the prime factors of 2672.
2, 167
List the prime factors of 16016.
2, 7, 11, 13
What are the prime factors of 25505?
5, 5101
List the prime factors of 596.
2, 149
What are the prime factors of 1486?
2, 743
What are the prime factors of 235?
5, 47
What are the prime factors of 2457?
3, 7, 13
List the prime factors of 29831.
23, 1297
What are the prime factors of 1870?
2, 5, 11, 17
What are the prime factors of 4969?
4969
List the prime factors of 6470.
2, 5, 647
List the prime factors of 2860.
2, 5, 11, 13
What are the prime factors of 276?
2, 3, 23
What are the prime factors of 70727?
107, 661
What are the prime factors of 6186?
2, 3, 1031
What are the prime factors of 20864?
2, 163
List the prime factors of 13656.
2, 3, 569
What are the prime factors of 58452?
2, 3, 4871
What are the prime factors of 11796?
2, 3, 983
List the prime factors of 5591.
5591
List the prime factors of 755.
5, 151
List the prime factors of 581.
7, 83
List the prime factors of 1031.
1031
List the prime factors of 3872.
2, 11
What are the prime factors of 23936?
2, 11, 17
What are the prime factors of 160?
2, 5
What are the prime factors of 375?
3, 5
What are the prime factors of 2013?
3, 11, 61
What are the prime factors of 658?
2, 7, 47
List the prime factors of 1038.
2, 3, 173
List the prime factors of 1039.
1039
What are the prime factors of 2479?
37, 67
What are the prime factors of 3008?
2, 47
What are the prime factors of 724?
2, 181
What are the prime factors of 7402?
2, 3701
What are the prime factors of 306?
2, 3, 17
List the prime factors of 38948.
2, 7, 13, 107
List the prime factors of 1234.
2, 617
List the prime factors of 29820.
2, 3, 5, 7, 71
What are the prime factors of 660?
2, 3, 5, 11
List the prime factors of 2031.
3, 677
What are the prime factors of 65944?
2, 8243
List the prime factors of 4197.
3, 1399
What are the prime factors of 16871?
16871
List the prime factors of 18160.
2, 5, 227
List the prime factors of 1281.
3, 7, 61
What are the prime factors of 2867?
47, 61
List the prime factors of 1193.
1193
List the prime factors of 10715.
5, 2143
What are the prime factors of 16766?
2, 83, 101
What are the prime factors of 121?
11
What are the prime factors of 1682?
2, 29
What are the prime factors of 275?
5, 11
What are the prime factors of 7391?
19, 389
What are the prime factors of 1758?
2, 3, 293
What are the prime factors of 11624?
2, 1453
List the prime factors of 529.
23
List the prime factors of 33388.
2, 17, 491
List the prime factors of 4168.
2, 521
What are the prime factors of 18808?
2, 2351
What are the prime factors of 23679?
3, 877
What are the prime factors of 98342?
2, 49171
List the prime factors of 852.
2, 3, 71
List the prime factors of 4395.
3, 5, 293
What are the prime factors of 1552?
2, 97
List the prime factors of 27634.
2, 41, 337
What are the prime factors of 811?
811
What are the prime factors of 58600?
2, 5, 293
What are the prime factors of 27441?
3, 3049
What are the prime factors of 50464?
2, 19, 83
List the prime factors of 16773.
3, 5591
What are the prime factors of 28619?
28619
List the prime factors of 401.
401
What are the prime factors of 227?
227
List the prime factors of 2666.
2, 31, 43
What are the prime factors of 1087?
1087
What are the prime factors of 100352?
2, 7
What are the prime factors of 31730?
2, 5, 19, 167
List the prime factors of 4615.
5, 13, 71
What are the prime factors of 26029?
26029
List the prime factors of 36093.
3, 53, 227
List the prime factors of 1205.
5, 241
List the prime factors of 21658.
2, 7, 13, 17
List the prime factors of 21867.
3, 37, 197
List the prime factors of 107668.
2, 11, 2447
What are the prime factors of 768?
2, 3
What are the prime factors of 13061?
37, 353
What are the prime factors of 75418?
2, 7, 5387
List the prime factors of 2361.
3, 787
What are the prime factors of 12908?
2, 7, 461
What are the prime factors of 497?
7, 71
List the prime factors of 3162.
2, 3, 17, 31
What are the prime factors of 2005?
5, 401
What are the prime factors of 11185?
5, 2237
List the prime factors of 4292.
2, 29, 37
List the prime factors of 2663.
2663
What are the prime factors of 2104?
2, 263
List the prime factors of 1330.
2, 5, 7, 19
What are the prime factors of 7889?
7, 23
What are the prime factors of 76518?
2, 3, 13, 109
List the prime factors of 761.
761
List the prime factors of 1255.
5, 251
List the prime factors of 713.
23, 31
What are the prime factors of 1757?
7, 251
List the prime factors of 99576.
2, 3, 461
List the prime factors of 3063.
3, 1021
What are the prime factors of 1154?
2, 577
What are the prime factors of 1202?
2, 601
What are the prime factors of 6621?
3, 2207
What are the prime factors of 79803?
3, 8867
List the prime factors of 59236.
2, 59, 251
List the prime factors of 3202.
2, 1601
List the prime factors of 2525.
5, 101
What are the prime factors of 48125?
5, 7, 11
What are the prime factors of 189?
3, 7
What are the prime factors of 45048?
2, 3, 1877
What are the prime factors of 21581?
7, 3083
List the prime factors of 95151.
3, 7, 23, 197
What are the prime factors of 1726?
2